1*(-24)/(-15))/(22/55). Is d(c) composite?
True
Is (-328)/820*49370/(-4) prime?
True
Let w(o) = 525*o - 16. Is w(5) prime?
True
Suppose 0 = -3*q - 5*n + 5117, 4*q - 2*q - 3422 = 2*n. Is q a prime number?
True
Suppose 3*l + 4410 = 5*g + 8*l, 3*l + 1739 = 2*g. Is g composite?
False
Let p(f) = 4 + 0 + 8*f + 0*f + 6*f**2 - 5*f**3. Let k(c) = -c**2 + 13*c - 45. Let l be k(8). Is p(l) composite?
False
Let z(b) = -263*b + 158. Is z(-5) a prime number?
False
Suppose 4*q - 546 = 6. Let m be 20/(-6)*2/20*-12. Suppose v + q = m*v. Is v a prime number?
False
Let t = 103 - -14. Suppose -h - 6 = t. Let y = h + 180. Is y composite?
True
Suppose 38 - 9 = 3*t + 4*x, -3*x = 2*t - 21. Let d(h) = h**2 + h. Let f(u) = -199*u**2 + 5*u - 1. Let s(o) = t*d(o) - f(o). Is s(1) a prime number?
False
Let r = 22 + -22. Let i(g) = -2*g + 2. Let s be i(r). Let f(q) = 6*q**3 - q**2 + 3*q - 3. Is f(s) prime?
True
Let b(a) = -a**3 + 2*a**2 - a + 2. Let v be b(2). Suppose 554 = s - v*m - 3*m, 5 = 5*m. Is s composite?
False
Suppose 8*f = 6*f + 4854. Is f a composite number?
True
Suppose -5*x + 147431 = -96584. Is x composite?
True
Let g(x) = 268*x**2 + 62*x + 9. Is g(6) prime?
False
Let y be 68/(-306) + (-230)/18. Suppose -h - 38 = -6. Let a = y - h. Is a composite?
False
Suppose -9*b = -10*b + 19. Let z(n) = 238*n + 13. Is z(b) prime?
False
Let c(m) = m**2 - 5*m - 3. Let y be c(6). Suppose f + y*f = 8780. Is f a composite number?
True
Suppose 187*f - 204*f + 119051 = 0. Is f a prime number?
False
Suppose -k = -2*b + 2*k + 35, 2*k + 66 = 4*b. Let j(d) = 35*d - 19. Is j(b) composite?
False
Let u(v) = -56*v - 6. Let z(b) = 16*b**3 + b + 1. Let r be z(-1). Let o = 14 + r. Is u(o) a prime number?
False
Let o be 4 + (-2)/(6/(-1449)). Is (4 - 7)/((-3)/o) composite?
False
Let k = 1214 + -294. Suppose q - 167 = k. Is q a composite number?
False
Suppose -678 = -4*c - 142. Let m = c - 13. Is m a prime number?
False
Let p = 15677 - 4678. Is p composite?
True
Suppose -4*p = 4*r - 760780, 28*p = r + 25*p - 190195. Is r prime?
False
Let p be 2/12 - 1145/(-6). Let r = p + -44. Suppose g - 3*j + r = 4*g, 0 = -5*g - 3*j + 253. Is g a composite number?
False
Let l(i) = i**2 - 14*i - 13. Let a be l(14). Let q = 15 + a. Let d(t) = 52*t**2 - 3*t + 1. Is d(q) prime?
False
Let g = -2275 + 5136. Is g a prime number?
True
Let s(i) = -i + 11. Let j be s(11). Let v(w) = 3*w**2 + 6*w - 2*w**2 + 7 - w + j*w**2. Is v(12) composite?
False
Suppose -5*s + 4*s = -4*f + 228, 120 = 2*f - 2*s. Let y = -158 + 87. Let q = f - y. Is q a prime number?
True
Let t = 2858 - 20502. Let r = -8117 - t. Is r prime?
False
Let d(r) = 2*r. Let g(o) = -14*o + 71. Let h(c) = 2*d(c) + g(c). Is h(-12) prime?
True
Let q(x) = -4 + 2*x**2 + 2*x**3 - 4*x - 6*x**2 + 1 + x**3. Let c = 1 + 3. Is q(c) a composite number?
False
Let m(f) = -f + 4. Let k be m(-2). Let w(s) = 6*s**2 + 9*s - 4. Let g be w(k). Is (-1)/5 - g/(-5) composite?
False
Let j = 118 + -113. Suppose -4974 - 691 = -j*k. Is k a prime number?
False
Suppose -4*x + 5*t + 8 = 3*t, 3*x = -2*t + 13. Suppose 0 = 6*o - o - 15, -x*g = -2*o - 3195. Is g a composite number?
True
Suppose 4*l = 7 + 1. Is (180 - l)/(8/28) a composite number?
True
Let n be 0*(-1)/4*1. Suppose 2*p = -n*p + 2, -1191 = -4*w + p. Is w a composite number?
True
Suppose -w = 5*k - 2842, 2*k + 14126 = 5*w - k. Is w a composite number?
True
Suppose -5*j + i = -3161, -5*j + 3169 = 2*i - i. Is j a composite number?
True
Suppose 0 = -4*d + 7*d - 24771. Is d composite?
True
Suppose -h - l = 2, -5*h - 3*l = -2*l - 6. Suppose -h*t - 6 = -t. Let j(k) = -k**3 - k**2 - 4*k + 5. Is j(t) a composite number?
True
Let q = 15074 + -10686. Suppose 0 = h - 5*h + q. Is h a prime number?
True
Let h(q) = -q**3 - 2*q**2 + 3*q + 6. Let j be h(-3). Is j/4*-6404*4/(-24) composite?
False
Let s = 64 - 68. Is ((-1)/(-5))/(s/(-50))*562 a prime number?
False
Let p(j) = j**3 + 9*j**2 - 11*j - 10. Let q be p(-10). Let i = -4 + q. Is 192 + 3 + i + 0 composite?
False
Is 5/(-2) + (-3)/((-24)/121516) a composite number?
False
Let v = -10 - -14. Suppose 2*b + v*t + 148 = 0, -310 = 5*b + 2*t - 4*t. Let k = b + 97. Is k a composite number?
True
Suppose -3*q + 4 + 8 = 0. Suppose 4*z = -j + 3*z + 20, -16 = -q*z. Let p = -1 + j. Is p a composite number?
True
Is ((-15)/(-3) - 7)/((-4)/251606) a prime number?
True
Let q be (8*-4409)/(((-25)/5)/(-50)). Is (1/3)/(5 + q/70545) composite?
False
Let n = -465 + 1045. Suppose -o - 2*r = 2*o - n, 196 = o - 2*r. Is o a composite number?
True
Let t = 942 - 2429. Let x = 2886 + t. Is x composite?
False
Suppose -12 = 3*h - 7*h. Suppose 168 = u + h*u. Is (-1 + u)*5*1 a prime number?
False
Let l = 3474 + -1487. Is l a composite number?
False
Let d(t) = t - 12. Suppose -4*n - c = -57, 9*n - 4*n = 3*c + 50. Let b be d(n). Is (7 + -12)/(b/(-29)) composite?
True
Suppose 0 = 5*l + 2*m - 11605, 7*l + 5*m - 2298 = 6*l. Is l a composite number?
True
Let h = -96 - -100. Suppose -2*c + 3*b + 2752 - 260 = 0, 0 = 4*c - h*b - 4988. Is c prime?
True
Suppose 5*t - i = 431759 - 84834, 5*t - 346925 = 5*i. Is t prime?
False
Let f(r) be the first derivative of r**7/420 - 7*r**6/360 + r**5/30 + 7*r**4/24 + 2*r**3/3 + 4. Let x(w) be the third derivative of f(w). Is x(6) prime?
True
Let f = -113 + 234. Suppose 0*x - 3*x = -1476. Let q = x - f. Is q a prime number?
False
Is (-10)/4*2 + 996 composite?
False
Let y = 15 + -11. Let w = -1 + y. Suppose -w*g + 2*z = 3*z - 234, 4*g = 5*z + 293. Is g prime?
False
Let r be (2/5)/1*5. Suppose -7*a = -r*a - 15. Suppose t + 8 - 215 = a*b, -2*b = 4*t - 800. Is t a composite number?
True
Let z = -1041 - -3093. Let h = -1334 + z. Is h composite?
True
Suppose 164874 = -267*n + 273*n. Is n prime?
True
Let k(m) = 2 + m**2 + 0*m**2 + 6*m - m + 1. Let l be k(-5). Suppose -2*s = -0*s + l*v - 749, -1501 = -4*s - 5*v. Is s a composite number?
False
Is 1965/(-6)*(-848)/40 prime?
False
Suppose 1219 = -30*l + 4789. Is l prime?
False
Let x = -14 - -893. Is x composite?
True
Suppose 4*t + r = -0 - 2, t - r = 2. Suppose 123 = 3*b + n, t = -2*b + 2*n - 0*n + 90. Is (-3*1)/(b/(-644)) a composite number?
True
Suppose -4*j = -9*j - 445. Let l be j/(15/6 - 3). Suppose -5*k + l = -427. Is k composite?
True
Is 61*97 - (-96)/(32 - 16) prime?
True
Let c(a) = -7805*a + 73. Is c(-2) prime?
True
Let w(s) = 32*s - 15. Let t be w(-12). Let f(r) = 4*r**2 - 13*r + 21. Let v be f(17). Let n = t + v. Is n prime?
True
Suppose 0 = -5*v - 2*k + 34187, 0*k - 34179 = -5*v - 4*k. Is v prime?
False
Is (2 - (1 + -2926))*231/33 prime?
False
Suppose -5*j + 5*m = -27670, 2*m = -5*j + 3*m + 27690. Is j composite?
True
Let f(h) = 445*h + 1. Is f(4) a prime number?
False
Let d(o) = 5*o + 8. Let z be d(-6). Let s = 22 + z. Suppose -3*p - 4*t = -5*t - 432, s = -3*p - 2*t + 423. Is p a composite number?
True
Let i(h) = h**3. Let q(b) = -6*b**3 - 14*b**2 + 8*b - 9. Let n(d) = -5*i(d) - q(d). Is n(-14) composite?
True
Let l(g) = 40*g**3 - 8*g**2 + 6*g - 11. Is l(2) a prime number?
False
Suppose 19*b = 231338 + 47373. Is b composite?
False
Let p(a) = -1 + 0 + 3 + 141*a. Let g be p(3). Suppose 0*k = -5*k + g. Is k composite?
True
Is (-2)/13 + 179687318/962 a composite number?
True
Let d(p) = -4*p**3 + 22*p**2 - 16*p - 41. Is d(-10) a prime number?
False
Suppose 3*p + 25 = 10, d - 13 = 2*p. Is d - (-4304)/(20/5) prime?
False
Let u(d) = d**2 - 3*d - 2. Let c be u(4). Let i(a) = -6*a**c + 7*a**2 + 1 + 289*a**3 + 2*a - 4*a**2. Is i(2) prime?
False
Suppose 0 = 3*o + 2*o - 4*j + 6, -o - 5*j + 22 = 0. Suppose 9 = o*d + 33. Let i(x) = -x**3 - 10*x**2 + 14*x + 7. Is i(d) composite?
False
Let k be (6 - 1) + 0 + 0. Suppose 0 = 8*i - k*i + 153. Is 7*(-2)/6*i composite?
True
Let y(b) = -2395*b - 23. Is y(-6) a prime number?
True
Suppose a + 1673 = 5*u, 3*a - 866 = -4*u + 480. Is u a composite number?
True
Let z be (6/10)/(8/40). Let a be 7 + -1 + 2/(-2). Suppose a*p - 188 = -z*q, 3*p + q = 102 + 10. Is p composite?
False
Let l(s) = 4*s - 3. Let p be l(1). Is 1371/6*(p + 5) composite?
True
Let i(l) be the third derivative of -l**6/120 + l**5/60 + l**4/24 + 5*l**2. Let f be i(0). Suppose p - 8 = -2*b, -p - p + 5*b - 11 = f. Is p a composite number?
False
Let a(c) = 7*c**2 - 17*c + 59. Is a(5) prime?
True
Let x(s) = 5*s**3 - 13*s**2 + 18*s - 7. Is x(9) prime?
False
Let 